{"id":542,"date":"2025-12-17T18:09:53","date_gmt":"2025-12-17T18:09:53","guid":{"rendered":"https:\/\/angry-mayer.212-97-141-144.plesk.page\/index.php\/vare\/elegante-braune-alpaka-socken-von-festival-socks\/"},"modified":"2025-12-17T18:10:11","modified_gmt":"2025-12-17T18:10:11","slug":"elegante-braune-alpaka-socken-von-festival-socks","status":"publish","type":"product","link":"https:\/\/angry-mayer.212-97-141-144.plesk.page\/index.php\/vare\/elegante-braune-alpaka-socken-von-festival-socks\/","title":{"rendered":"Elegante braune Alpaka-Socken von &#8220;Festival Socks&#8221;"},"content":{"rendered":"<h2>Ein Hauch von Eleganz<\/h2>\n<p>Verleihen Sie Ihrer Sockenschublade einen Hauch von Eleganz mit unseren schicken braunen Alpaka-Socken von &#8220;Festival Socks&#8221;. Diese Socken sind f\u00fcr Frauen konzipiert, die Komfort mit einem stilvollen Look kombinieren m\u00f6chten. Sie werden sorgf\u00e4ltig aus hochwertigen Materialien, darunter weicher Alpakawolle, hergestellt und sorgen den ganzen Tag \u00fcber f\u00fcr ein angenehmes und warmes Erlebnis. Alpakawolle ist temperaturregulierend und Sie werden sicher viel Freude an diesen wunderbaren Socken haben.<\/p>\n<p>Die braune Farbe verleiht den Socken einen zeitlosen und vielseitigen Look, der sowohl f\u00fcr den Alltag als auch f\u00fcr formellere Anl\u00e4sse perfekt ist. Diese weichen Alpaka-Socken sind von &#8220;Danish Festival Socks&#8221; hergestellten und sind Socken die skandinavischen Handwerk und Qualit\u00e4t in sich tragen.<\/p>\n<p>Diese schicken Alpaka-Socken sind perfekt, um Ihre F\u00fc\u00dfe bequem, kuschelig und warm zu halten und werden schnell zu Ihrem Lieblingsst\u00fcck f\u00fcr Arbeit und Freizeit.<br \/>Ein Must-Have f\u00fcr jede Frau, die Stil und Komfort in einem sch\u00e4tzt. Machen Sie sich selbst und ihren liebsten eine Freude mit diesen hochwertigen, warmen Alpaka-Socken.<\/p>\n","protected":false},"excerpt":{"rendered":"<p>ID : Kurze Alpaka-Socken &ndash;&nbsp;braun<\/p>\n<p>40% Alpaca uld<\/p>\n<p>52% uld&nbsp;<\/p>\n<p>8% polyamide<\/p>\n","protected":false},"featured_media":497,"comment_status":"open","ping_status":"closed","template":"","meta":{"_et_pb_use_builder":"","_et_pb_old_content":"","_et_gb_content_width":""},"product_brand":[],"product_cat":[41],"product_tag":[],"class_list":{"0":"post-542","1":"product","2":"type-product","3":"status-publish","4":"has-post-thumbnail","6":"product_cat-41","8":"first","9":"instock","10":"shipping-taxable","11":"purchasable","12":"product-type-variable"},"yoast_head":"<!-- This site is optimized with the Yoast SEO plugin v26.6 - https:\/\/yoast.com\/wordpress\/plugins\/seo\/ -->\n<title>Elegante braune Alpaka-Socken von &quot;Festival Socks&quot; - wollsocken-shop<\/title>\n<meta name=\"robots\" content=\"index, follow, max-snippet:-1, max-image-preview:large, max-video-preview:-1\" \/>\n<link rel=\"canonical\" href=\"https:\/\/angry-mayer.212-97-141-144.plesk.page\/index.php\/vare\/elegante-braune-alpaka-socken-von-festival-socks\/\" \/>\n<meta property=\"og:locale\" content=\"da_DK\" \/>\n<meta property=\"og:type\" content=\"article\" \/>\n<meta property=\"og:title\" content=\"Elegante braune Alpaka-Socken von &quot;Festival Socks&quot; - wollsocken-shop\" \/>\n<meta property=\"og:description\" content=\"ID : Kurze Alpaka-Socken &ndash;&nbsp;braun40% Alpaca uld52% uld&nbsp;8% polyamide\" \/>\n<meta property=\"og:url\" content=\"https:\/\/angry-mayer.212-97-141-144.plesk.page\/index.php\/vare\/elegante-braune-alpaka-socken-von-festival-socks\/\" \/>\n<meta property=\"og:site_name\" content=\"wollsocken-shop\" \/>\n<meta property=\"article:modified_time\" content=\"2025-12-17T18:10:11+00:00\" \/>\n<meta name=\"twitter:card\" content=\"summary_large_image\" \/>\n<meta name=\"twitter:label1\" content=\"Estimeret l\u00e6setid\" \/>\n\t<meta name=\"twitter:data1\" content=\"1 minut\" \/>\n<script type=\"application\/ld+json\" class=\"yoast-schema-graph\">{\"@context\":\"https:\/\/schema.org\",\"@graph\":[{\"@type\":\"WebPage\",\"@id\":\"https:\/\/angry-mayer.212-97-141-144.plesk.page\/index.php\/vare\/elegante-braune-alpaka-socken-von-festival-socks\/\",\"url\":\"https:\/\/angry-mayer.212-97-141-144.plesk.page\/index.php\/vare\/elegante-braune-alpaka-socken-von-festival-socks\/\",\"name\":\"Elegante braune Alpaka-Socken von \\\"Festival Socks\\\" - wollsocken-shop\",\"isPartOf\":{\"@id\":\"https:\/\/angry-mayer.212-97-141-144.plesk.page\/#website\"},\"primaryImageOfPage\":{\"@id\":\"https:\/\/angry-mayer.212-97-141-144.plesk.page\/index.php\/vare\/elegante-braune-alpaka-socken-von-festival-socks\/#primaryimage\"},\"image\":{\"@id\":\"https:\/\/angry-mayer.212-97-141-144.plesk.page\/index.php\/vare\/elegante-braune-alpaka-socken-von-festival-socks\/#primaryimage\"},\"thumbnailUrl\":\"https:\/\/angry-mayer.212-97-141-144.plesk.page\/wp-content\/uploads\/2025\/12\/Elegante-braune-Alpaka-Sockchen-von-Festival-Socks-1.jpeg\",\"datePublished\":\"2025-12-17T18:09:53+00:00\",\"dateModified\":\"2025-12-17T18:10:11+00:00\",\"breadcrumb\":{\"@id\":\"https:\/\/angry-mayer.212-97-141-144.plesk.page\/index.php\/vare\/elegante-braune-alpaka-socken-von-festival-socks\/#breadcrumb\"},\"inLanguage\":\"da-DK\",\"potentialAction\":[{\"@type\":\"ReadAction\",\"target\":[\"https:\/\/angry-mayer.212-97-141-144.plesk.page\/index.php\/vare\/elegante-braune-alpaka-socken-von-festival-socks\/\"]}]},{\"@type\":\"ImageObject\",\"inLanguage\":\"da-DK\",\"@id\":\"https:\/\/angry-mayer.212-97-141-144.plesk.page\/index.php\/vare\/elegante-braune-alpaka-socken-von-festival-socks\/#primaryimage\",\"url\":\"https:\/\/angry-mayer.212-97-141-144.plesk.page\/wp-content\/uploads\/2025\/12\/Elegante-braune-Alpaka-Sockchen-von-Festival-Socks-1.jpeg\",\"contentUrl\":\"https:\/\/angry-mayer.212-97-141-144.plesk.page\/wp-content\/uploads\/2025\/12\/Elegante-braune-Alpaka-Sockchen-von-Festival-Socks-1.jpeg\",\"width\":540,\"height\":960},{\"@type\":\"BreadcrumbList\",\"@id\":\"https:\/\/angry-mayer.212-97-141-144.plesk.page\/index.php\/vare\/elegante-braune-alpaka-socken-von-festival-socks\/#breadcrumb\",\"itemListElement\":[{\"@type\":\"ListItem\",\"position\":1,\"name\":\"Hjem\",\"item\":\"https:\/\/angry-mayer.212-97-141-144.plesk.page\/\"},{\"@type\":\"ListItem\",\"position\":2,\"name\":\"Shop\",\"item\":\"https:\/\/angry-mayer.212-97-141-144.plesk.page\/index.php\/shop\/\"},{\"@type\":\"ListItem\",\"position\":3,\"name\":\"Elegante braune Alpaka-Socken von &#8220;Festival Socks&#8221;\"}]},{\"@type\":\"WebSite\",\"@id\":\"https:\/\/angry-mayer.212-97-141-144.plesk.page\/#website\",\"url\":\"https:\/\/angry-mayer.212-97-141-144.plesk.page\/\",\"name\":\"wollsocken-shop\",\"description\":\"\",\"potentialAction\":[{\"@type\":\"SearchAction\",\"target\":{\"@type\":\"EntryPoint\",\"urlTemplate\":\"https:\/\/angry-mayer.212-97-141-144.plesk.page\/?s={search_term_string}\"},\"query-input\":{\"@type\":\"PropertyValueSpecification\",\"valueRequired\":true,\"valueName\":\"search_term_string\"}}],\"inLanguage\":\"da-DK\"}]}<\/script>\n<!-- \/ Yoast SEO plugin. -->","yoast_head_json":{"title":"Elegante braune Alpaka-Socken von \"Festival Socks\" - wollsocken-shop","robots":{"index":"index","follow":"follow","max-snippet":"max-snippet:-1","max-image-preview":"max-image-preview:large","max-video-preview":"max-video-preview:-1"},"canonical":"https:\/\/angry-mayer.212-97-141-144.plesk.page\/index.php\/vare\/elegante-braune-alpaka-socken-von-festival-socks\/","og_locale":"da_DK","og_type":"article","og_title":"Elegante braune Alpaka-Socken von \"Festival Socks\" - wollsocken-shop","og_description":"ID : Kurze Alpaka-Socken &ndash;&nbsp;braun40% Alpaca uld52% uld&nbsp;8% polyamide","og_url":"https:\/\/angry-mayer.212-97-141-144.plesk.page\/index.php\/vare\/elegante-braune-alpaka-socken-von-festival-socks\/","og_site_name":"wollsocken-shop","article_modified_time":"2025-12-17T18:10:11+00:00","twitter_card":"summary_large_image","twitter_misc":{"Estimeret l\u00e6setid":"1 minut"},"schema":{"@context":"https:\/\/schema.org","@graph":[{"@type":"WebPage","@id":"https:\/\/angry-mayer.212-97-141-144.plesk.page\/index.php\/vare\/elegante-braune-alpaka-socken-von-festival-socks\/","url":"https:\/\/angry-mayer.212-97-141-144.plesk.page\/index.php\/vare\/elegante-braune-alpaka-socken-von-festival-socks\/","name":"Elegante braune Alpaka-Socken von \"Festival Socks\" - wollsocken-shop","isPartOf":{"@id":"https:\/\/angry-mayer.212-97-141-144.plesk.page\/#website"},"primaryImageOfPage":{"@id":"https:\/\/angry-mayer.212-97-141-144.plesk.page\/index.php\/vare\/elegante-braune-alpaka-socken-von-festival-socks\/#primaryimage"},"image":{"@id":"https:\/\/angry-mayer.212-97-141-144.plesk.page\/index.php\/vare\/elegante-braune-alpaka-socken-von-festival-socks\/#primaryimage"},"thumbnailUrl":"https:\/\/angry-mayer.212-97-141-144.plesk.page\/wp-content\/uploads\/2025\/12\/Elegante-braune-Alpaka-Sockchen-von-Festival-Socks-1.jpeg","datePublished":"2025-12-17T18:09:53+00:00","dateModified":"2025-12-17T18:10:11+00:00","breadcrumb":{"@id":"https:\/\/angry-mayer.212-97-141-144.plesk.page\/index.php\/vare\/elegante-braune-alpaka-socken-von-festival-socks\/#breadcrumb"},"inLanguage":"da-DK","potentialAction":[{"@type":"ReadAction","target":["https:\/\/angry-mayer.212-97-141-144.plesk.page\/index.php\/vare\/elegante-braune-alpaka-socken-von-festival-socks\/"]}]},{"@type":"ImageObject","inLanguage":"da-DK","@id":"https:\/\/angry-mayer.212-97-141-144.plesk.page\/index.php\/vare\/elegante-braune-alpaka-socken-von-festival-socks\/#primaryimage","url":"https:\/\/angry-mayer.212-97-141-144.plesk.page\/wp-content\/uploads\/2025\/12\/Elegante-braune-Alpaka-Sockchen-von-Festival-Socks-1.jpeg","contentUrl":"https:\/\/angry-mayer.212-97-141-144.plesk.page\/wp-content\/uploads\/2025\/12\/Elegante-braune-Alpaka-Sockchen-von-Festival-Socks-1.jpeg","width":540,"height":960},{"@type":"BreadcrumbList","@id":"https:\/\/angry-mayer.212-97-141-144.plesk.page\/index.php\/vare\/elegante-braune-alpaka-socken-von-festival-socks\/#breadcrumb","itemListElement":[{"@type":"ListItem","position":1,"name":"Hjem","item":"https:\/\/angry-mayer.212-97-141-144.plesk.page\/"},{"@type":"ListItem","position":2,"name":"Shop","item":"https:\/\/angry-mayer.212-97-141-144.plesk.page\/index.php\/shop\/"},{"@type":"ListItem","position":3,"name":"Elegante braune Alpaka-Socken von &#8220;Festival Socks&#8221;"}]},{"@type":"WebSite","@id":"https:\/\/angry-mayer.212-97-141-144.plesk.page\/#website","url":"https:\/\/angry-mayer.212-97-141-144.plesk.page\/","name":"wollsocken-shop","description":"","potentialAction":[{"@type":"SearchAction","target":{"@type":"EntryPoint","urlTemplate":"https:\/\/angry-mayer.212-97-141-144.plesk.page\/?s={search_term_string}"},"query-input":{"@type":"PropertyValueSpecification","valueRequired":true,"valueName":"search_term_string"}}],"inLanguage":"da-DK"}]}},"_links":{"self":[{"href":"https:\/\/angry-mayer.212-97-141-144.plesk.page\/index.php\/wp-json\/wp\/v2\/product\/542","targetHints":{"allow":["GET"]}}],"collection":[{"href":"https:\/\/angry-mayer.212-97-141-144.plesk.page\/index.php\/wp-json\/wp\/v2\/product"}],"about":[{"href":"https:\/\/angry-mayer.212-97-141-144.plesk.page\/index.php\/wp-json\/wp\/v2\/types\/product"}],"replies":[{"embeddable":true,"href":"https:\/\/angry-mayer.212-97-141-144.plesk.page\/index.php\/wp-json\/wp\/v2\/comments?post=542"}],"wp:featuredmedia":[{"embeddable":true,"href":"https:\/\/angry-mayer.212-97-141-144.plesk.page\/index.php\/wp-json\/wp\/v2\/media\/497"}],"wp:attachment":[{"href":"https:\/\/angry-mayer.212-97-141-144.plesk.page\/index.php\/wp-json\/wp\/v2\/media?parent=542"}],"wp:term":[{"taxonomy":"product_brand","embeddable":true,"href":"https:\/\/angry-mayer.212-97-141-144.plesk.page\/index.php\/wp-json\/wp\/v2\/product_brand?post=542"},{"taxonomy":"product_cat","embeddable":true,"href":"https:\/\/angry-mayer.212-97-141-144.plesk.page\/index.php\/wp-json\/wp\/v2\/product_cat?post=542"},{"taxonomy":"product_tag","embeddable":true,"href":"https:\/\/angry-mayer.212-97-141-144.plesk.page\/index.php\/wp-json\/wp\/v2\/product_tag?post=542"}],"curies":[{"name":"wp","href":"https:\/\/api.w.org\/{rel}","templated":true}]}}